{"id":631,"date":"2019-02-14T09:02:09","date_gmt":"2019-02-14T11:02:09","guid":{"rendered":"https:\/\/dcc.ufpr.br\/?page_id=631"},"modified":"2019-02-14T10:12:19","modified_gmt":"2019-02-14T12:12:19","slug":"construcao-civil","status":"publish","type":"page","link":"https:\/\/dcc.ufpr.br\/index.php\/disciplinas\/construcao-civil\/","title":{"rendered":"Constru\u00e7\u00e3o Civil"},"content":{"rendered":"<h2>Disciplinas da \u00e1rea de Constru\u00e7\u00e3o Civil<\/h2>\n<h3>Obrigat\u00f3rias<\/h3>\n<table class=\"wikitable\">\n<tbody>\n<tr>\n<th style=\"width: 50px;\">C\u00f3digo<\/th>\n<th style=\"width: 360px;\">Disciplina<\/th>\n<th style=\"width: 53px;\">Ementa<\/th>\n<th style=\"width: 69px;\">Programa<\/th>\n<\/tr>\n<tr>\n<td style=\"width: 50px;\">TC-022<\/td>\n<td style=\"width: 360px;\"><a title=\"TC-022 Introdu\u00e7\u00e3o \u00e0 Engenharia\" href=\"https:\/\/dcc.ufpr.br\/index.php\/disciplinas\/introducao-a-engenharia\/\">Introdu\u00e7\u00e3o \u00e0 Engenharia<\/a><\/td>\n<td style=\"width: 53px;\">\n<div class=\"center\">\n<div class=\"floatnone\"><a title=\"M\u00eddia:TC022 ficha F1.pdf\" href=\"https:\/\/dcc.ufpr.br\/mediawiki\/index.php\/M%C3%ADdia:TC022_ficha_F1.pdf\"><img loading=\"lazy\" decoding=\"async\" src=\"https:\/\/dcc.ufpr.br\/mediawiki\/images\/thumb\/6\/64\/Fileicon-pdf.png\/40px-Fileicon-pdf.png\" alt=\"Fileicon-pdf.png\" width=\"40\" height=\"40\" \/><\/a><\/div>\n<\/div>\n<\/td>\n<td style=\"width: 69px;\">\n<div class=\"center\">\n<div class=\"floatnone\"><a title=\"M\u00eddia:TC022 ficha F2.pdf\" href=\"https:\/\/dcc.ufpr.br\/mediawiki\/index.php\/M%C3%ADdia:TC022_ficha_F2.pdf\"><img loading=\"lazy\" decoding=\"async\" src=\"https:\/\/dcc.ufpr.br\/mediawiki\/images\/thumb\/6\/64\/Fileicon-pdf.png\/40px-Fileicon-pdf.png\" alt=\"Fileicon-pdf.png\" width=\"40\" height=\"40\" \/><\/a><\/div>\n<\/div>\n<\/td>\n<\/tr>\n<tr>\n<td style=\"width: 50px;\">TC-024<\/td>\n<td style=\"width: 360px;\"><a title=\"TC-024 Constru\u00e7\u00e3o Civil I\" href=\"https:\/\/dcc.ufpr.br\/index.php\/disciplinas\/construcao-civil-i\/\">Constru\u00e7\u00e3o Civil I<\/a><\/td>\n<td style=\"width: 53px;\">\n<div class=\"center\">\n<div class=\"floatnone\"><a title=\"M\u00eddia:TC024 ficha F1.pdf\" href=\"https:\/\/dcc.ufpr.br\/mediawiki\/index.php\/M%C3%ADdia:TC024_ficha_F1.pdf\"><img loading=\"lazy\" decoding=\"async\" src=\"https:\/\/dcc.ufpr.br\/mediawiki\/images\/thumb\/6\/64\/Fileicon-pdf.png\/40px-Fileicon-pdf.png\" alt=\"Fileicon-pdf.png\" width=\"40\" height=\"40\" \/><\/a><\/div>\n<\/div>\n<\/td>\n<td style=\"width: 69px;\">\n<div class=\"center\">\n<div class=\"floatnone\"><a title=\"M\u00eddia:TC024 ficha F2.pdf\" href=\"https:\/\/dcc.ufpr.br\/mediawiki\/index.php\/M%C3%ADdia:TC024_ficha_F2.pdf\"><img loading=\"lazy\" decoding=\"async\" src=\"https:\/\/dcc.ufpr.br\/mediawiki\/images\/thumb\/6\/64\/Fileicon-pdf.png\/40px-Fileicon-pdf.png\" alt=\"Fileicon-pdf.png\" width=\"40\" height=\"40\" \/><\/a><\/div>\n<\/div>\n<\/td>\n<\/tr>\n<tr>\n<td style=\"width: 50px;\">TC-025<\/td>\n<td style=\"width: 360px;\"><a title=\"TC-025 Constru\u00e7\u00e3o Civil II\" href=\"https:\/\/dcc.ufpr.br\/mediawiki\/index.php\/TC-025_Constru%C3%A7%C3%A3o_Civil_II\">Constru\u00e7\u00e3o Civil II<\/a><\/td>\n<td style=\"width: 53px;\">\n<div class=\"center\">\n<div class=\"floatnone\"><a title=\"M\u00eddia:TC025 ficha F1.pdf\" href=\"https:\/\/dcc.ufpr.br\/mediawiki\/index.php\/M%C3%ADdia:TC025_ficha_F1.pdf\"><img loading=\"lazy\" decoding=\"async\" src=\"https:\/\/dcc.ufpr.br\/mediawiki\/images\/thumb\/6\/64\/Fileicon-pdf.png\/40px-Fileicon-pdf.png\" alt=\"Fileicon-pdf.png\" width=\"40\" height=\"40\" \/><\/a><\/div>\n<\/div>\n<\/td>\n<td style=\"width: 69px;\">\n<div class=\"center\">\n<div class=\"floatnone\"><a title=\"M\u00eddia:TC025 ficha F2.pdf\" href=\"https:\/\/dcc.ufpr.br\/mediawiki\/index.php\/M%C3%ADdia:TC025_ficha_F2.pdf\"><img loading=\"lazy\" decoding=\"async\" src=\"https:\/\/dcc.ufpr.br\/mediawiki\/images\/thumb\/6\/64\/Fileicon-pdf.png\/40px-Fileicon-pdf.png\" alt=\"Fileicon-pdf.png\" width=\"40\" height=\"40\" \/><\/a><\/div>\n<\/div>\n<\/td>\n<\/tr>\n<tr>\n<td style=\"width: 50px;\">TC-038<\/td>\n<td style=\"width: 360px;\"><a title=\"TC-038 Constru\u00e7\u00e3o Civil III\" href=\"https:\/\/dcc.ufpr.br\/index.php\/disciplinas\/construcao-civil-iii\/\">Constru\u00e7\u00e3o Civil III<\/a><\/td>\n<td style=\"width: 53px;\">\n<div class=\"center\">\n<div class=\"floatnone\"><a title=\"M\u00eddia:TC038 ficha F1.pdf\" href=\"https:\/\/dcc.ufpr.br\/mediawiki\/index.php\/M%C3%ADdia:TC038_ficha_F1.pdf\"><img loading=\"lazy\" decoding=\"async\" src=\"https:\/\/dcc.ufpr.br\/mediawiki\/images\/thumb\/6\/64\/Fileicon-pdf.png\/40px-Fileicon-pdf.png\" alt=\"Fileicon-pdf.png\" width=\"40\" height=\"40\" \/><\/a><\/div>\n<\/div>\n<\/td>\n<td style=\"width: 69px;\">\n<div class=\"center\">\n<div class=\"floatnone\"><a title=\"M\u00eddia:TC038 ficha F2.pdf\" href=\"https:\/\/dcc.ufpr.br\/mediawiki\/index.php\/M%C3%ADdia:TC038_ficha_F2.pdf\"><img loading=\"lazy\" decoding=\"async\" src=\"https:\/\/dcc.ufpr.br\/mediawiki\/images\/thumb\/6\/64\/Fileicon-pdf.png\/40px-Fileicon-pdf.png\" alt=\"Fileicon-pdf.png\" width=\"40\" height=\"40\" \/><\/a><\/div>\n<\/div>\n<\/td>\n<\/tr>\n<tr>\n<td style=\"width: 50px;\">TC-042<\/td>\n<td style=\"width: 360px;\"><a title=\"TC-042 Constru\u00e7\u00e3o Civil IV\" href=\"https:\/\/dcc.ufpr.br\/index.php\/disciplinas\/construcao-civil-iv\/\">Constru\u00e7\u00e3o Civil IV<\/a><\/td>\n<td style=\"width: 53px;\">\n<div class=\"center\">\n<div class=\"floatnone\"><a title=\"M\u00eddia:TC042 ficha F1.pdf\" href=\"https:\/\/dcc.ufpr.br\/mediawiki\/index.php\/M%C3%ADdia:TC042_ficha_F1.pdf\"><img loading=\"lazy\" decoding=\"async\" src=\"https:\/\/dcc.ufpr.br\/mediawiki\/images\/thumb\/6\/64\/Fileicon-pdf.png\/40px-Fileicon-pdf.png\" alt=\"Fileicon-pdf.png\" width=\"40\" height=\"40\" \/><\/a><\/div>\n<\/div>\n<\/td>\n<td style=\"width: 69px;\">\n<div class=\"center\">\n<div class=\"floatnone\"><a title=\"M\u00eddia:TC042 ficha F2.pdf\" href=\"https:\/\/dcc.ufpr.br\/mediawiki\/index.php\/M%C3%ADdia:TC042_ficha_F2.pdf\"><img loading=\"lazy\" decoding=\"async\" src=\"https:\/\/dcc.ufpr.br\/mediawiki\/images\/thumb\/6\/64\/Fileicon-pdf.png\/40px-Fileicon-pdf.png\" alt=\"Fileicon-pdf.png\" width=\"40\" height=\"40\" \/><\/a><\/div>\n<\/div>\n<\/td>\n<\/tr>\n<tr>\n<td style=\"width: 50px;\">TC-045<\/td>\n<td style=\"width: 360px;\"><a title=\"TC-045 Gerenciamento de Projetos\" href=\"https:\/\/dcc.ufpr.br\/index.php\/disciplinas\/gerenciamento-de-projetos\/\">Gerenciamento de Projetos<\/a><\/td>\n<td style=\"width: 53px;\">\n<div class=\"center\">\n<div class=\"floatnone\"><a title=\"M\u00eddia:TC045 ficha F1.pdf\" href=\"https:\/\/dcc.ufpr.br\/mediawiki\/index.php\/M%C3%ADdia:TC045_ficha_F1.pdf\"><img loading=\"lazy\" decoding=\"async\" src=\"https:\/\/dcc.ufpr.br\/mediawiki\/images\/thumb\/6\/64\/Fileicon-pdf.png\/40px-Fileicon-pdf.png\" alt=\"Fileicon-pdf.png\" width=\"40\" height=\"40\" \/><\/a><\/div>\n<\/div>\n<\/td>\n<td style=\"width: 69px;\">\n<div class=\"center\">\n<div class=\"floatnone\"><a title=\"M\u00eddia:TC045 ficha F2.pdf\" href=\"https:\/\/dcc.ufpr.br\/mediawiki\/index.php\/M%C3%ADdia:TC045_ficha_F2.pdf\"><img loading=\"lazy\" decoding=\"async\" src=\"https:\/\/dcc.ufpr.br\/mediawiki\/images\/thumb\/6\/64\/Fileicon-pdf.png\/40px-Fileicon-pdf.png\" alt=\"Fileicon-pdf.png\" width=\"40\" height=\"40\" \/><\/a><\/div>\n<\/div>\n<\/td>\n<\/tr>\n<\/tbody>\n<\/table>\n<h3>Optativas<\/h3>\n<table class=\"wikitable\">\n<tbody>\n<tr>\n<th style=\"width: 50px;\">C\u00f3digo<\/th>\n<th style=\"width: 204px;\">Disciplina<\/th>\n<th style=\"width: 53px;\">Ementa<\/th>\n<th style=\"width: 69px;\">Programa<\/th>\n<\/tr>\n<tr>\n<td style=\"width: 50px;\">TC-060<\/td>\n<td style=\"width: 204px;\"><a title=\"TC-060 Projetos de Arquitetura\" href=\"https:\/\/dcc.ufpr.br\/mediawiki\/index.php\/TC-060_Projetos_de_Arquitetura\">Projetos de Arquitetura<\/a><\/td>\n<td style=\"width: 53px;\">\n<div class=\"center\">\n<div class=\"floatnone\"><a title=\"M\u00eddia:TC060 ficha F1.pdf\" href=\"https:\/\/dcc.ufpr.br\/mediawiki\/index.php\/M%C3%ADdia:TC060_ficha_F1.pdf\"><img loading=\"lazy\" decoding=\"async\" src=\"https:\/\/dcc.ufpr.br\/mediawiki\/images\/thumb\/6\/64\/Fileicon-pdf.png\/40px-Fileicon-pdf.png\" alt=\"Fileicon-pdf.png\" width=\"40\" height=\"40\" \/><\/a><\/div>\n<\/div>\n<\/td>\n<td style=\"width: 69px;\">\n<div class=\"center\">\n<div class=\"floatnone\"><a title=\"M\u00eddia:TC060 ficha F2.pdf\" href=\"https:\/\/dcc.ufpr.br\/mediawiki\/index.php\/M%C3%ADdia:TC060_ficha_F2.pdf\"><img loading=\"lazy\" decoding=\"async\" src=\"https:\/\/dcc.ufpr.br\/mediawiki\/images\/thumb\/6\/64\/Fileicon-pdf.png\/40px-Fileicon-pdf.png\" alt=\"Fileicon-pdf.png\" width=\"40\" height=\"40\" \/><\/a><\/div>\n<\/div>\n<\/td>\n<\/tr>\n<tr>\n<td style=\"width: 50px;\">TC-061<\/td>\n<td style=\"width: 204px;\"><a title=\"TC-061 Legisla\u00e7\u00e3o e Pr\u00e1tica Profissional\" href=\"https:\/\/dcc.ufpr.br\/mediawiki\/index.php\/TC-061_Legisla%C3%A7%C3%A3o_e_Pr%C3%A1tica_Profissional\">Legisla\u00e7\u00e3o e Pr\u00e1tica Profissional<\/a><\/td>\n<td style=\"width: 53px;\">\n<div class=\"center\">\n<div class=\"floatnone\"><a title=\"M\u00eddia:TC061 ficha F1.pdf\" href=\"https:\/\/dcc.ufpr.br\/mediawiki\/index.php\/M%C3%ADdia:TC061_ficha_F1.pdf\"><img loading=\"lazy\" decoding=\"async\" src=\"https:\/\/dcc.ufpr.br\/mediawiki\/images\/thumb\/6\/64\/Fileicon-pdf.png\/40px-Fileicon-pdf.png\" alt=\"Fileicon-pdf.png\" width=\"40\" height=\"40\" \/><\/a><\/div>\n<\/div>\n<\/td>\n<td style=\"width: 69px;\">\n<div class=\"center\">\n<div class=\"floatnone\"><a title=\"M\u00eddia:TC061 ficha F2.pdf\" href=\"https:\/\/dcc.ufpr.br\/mediawiki\/index.php\/M%C3%ADdia:TC061_ficha_F2.pdf\"><img loading=\"lazy\" decoding=\"async\" src=\"https:\/\/dcc.ufpr.br\/mediawiki\/images\/thumb\/6\/64\/Fileicon-pdf.png\/40px-Fileicon-pdf.png\" alt=\"Fileicon-pdf.png\" width=\"40\" height=\"40\" \/><\/a><\/div>\n<\/div>\n<\/td>\n<\/tr>\n<\/tbody>\n<\/table>\n","protected":false},"excerpt":{"rendered":"<p>Disciplinas da \u00e1rea de Constru\u00e7\u00e3o Civil Obrigat\u00f3rias C\u00f3digo Disciplina Ementa Programa TC-022 Introdu\u00e7\u00e3o \u00e0 Engenharia TC-024 Constru\u00e7\u00e3o Civil I TC-025 Constru\u00e7\u00e3o Civil II TC-038 Constru\u00e7\u00e3o Civil III TC-042 Constru\u00e7\u00e3o Civil IV TC-045 Gerenciamento de Projetos Optativas C\u00f3digo Disciplina Ementa Programa TC-060 Projetos de Arquitetura TC-061 Legisla\u00e7\u00e3o e Pr\u00e1tica Profissional<\/p>\n","protected":false},"author":1,"featured_media":0,"parent":16,"menu_order":1,"comment_status":"closed","ping_status":"closed","template":"","meta":{"footnotes":""},"class_list":["post-631","page","type-page","status-publish","hentry"],"aioseo_notices":[],"_links":{"self":[{"href":"https:\/\/dcc.ufpr.br\/index.php\/wp-json\/wp\/v2\/pages\/631","targetHints":{"allow":["GET"]}}],"collection":[{"href":"https:\/\/dcc.ufpr.br\/index.php\/wp-json\/wp\/v2\/pages"}],"about":[{"href":"https:\/\/dcc.ufpr.br\/index.php\/wp-json\/wp\/v2\/types\/page"}],"author":[{"embeddable":true,"href":"https:\/\/dcc.ufpr.br\/index.php\/wp-json\/wp\/v2\/users\/1"}],"replies":[{"embeddable":true,"href":"https:\/\/dcc.ufpr.br\/index.php\/wp-json\/wp\/v2\/comments?post=631"}],"version-history":[{"count":2,"href":"https:\/\/dcc.ufpr.br\/index.php\/wp-json\/wp\/v2\/pages\/631\/revisions"}],"predecessor-version":[{"id":635,"href":"https:\/\/dcc.ufpr.br\/index.php\/wp-json\/wp\/v2\/pages\/631\/revisions\/635"}],"up":[{"embeddable":true,"href":"https:\/\/dcc.ufpr.br\/index.php\/wp-json\/wp\/v2\/pages\/16"}],"wp:attachment":[{"href":"https:\/\/dcc.ufpr.br\/index.php\/wp-json\/wp\/v2\/media?parent=631"}],"curies":[{"name":"wp","href":"https:\/\/api.w.org\/{rel}","templated":true}]}}