{"id":357,"date":"2019-02-13T16:18:55","date_gmt":"2019-02-13T18:18:55","guid":{"rendered":"https:\/\/dcc.ufpr.br\/?page_id=357"},"modified":"2021-04-26T14:36:48","modified_gmt":"2021-04-26T17:36:48","slug":"construcao-civil-iii","status":"publish","type":"page","link":"https:\/\/dcc.ufpr.br\/index.php\/disciplinas\/construcao-civil\/construcao-civil-iii\/","title":{"rendered":"Constru\u00e7\u00e3o Civil III"},"content":{"rendered":"<p><strong>TC-038 CONSTRU\u00c7\u00c3O CIVIL III \u2013 2021<\/strong><\/p>\n<p><strong>Professores:<\/strong><\/p>\n<ul>\n<li>Prof. Dr. Carlos Frederico Alice Parchen<\/li>\n<li>Profa. Dra. Heloisa Fuganti Campos<\/li>\n<li>Profa. Dra. Nayara Soares Klein<\/li>\n<\/ul>\n<p><strong>Ementa:<\/strong><\/p>\n<ul>\n<li>F\u00f4rmas e escoramentos<\/li>\n<li>Execu\u00e7\u00e3o de estruturas de concreto armado<\/li>\n<li>Execu\u00e7\u00e3o de estruturas de concreto protendido<\/li>\n<li>Execu\u00e7\u00e3o de estruturas de a\u00e7o<\/li>\n<li>Execu\u00e7\u00e3o de estruturas de <i>Light Steel Frame<\/i><\/li>\n<li>Execu\u00e7\u00e3o de estruturas de madeira<\/li>\n<li>Execu\u00e7\u00e3o de estruturas de <i>Wood Frame<\/i><\/li>\n<li>Telhados e coberturas<\/li>\n<\/ul>\n<p>Carga hor\u00e1ria de 60 h, ministradas de acordo com o programa da mat\u00e9ria<\/p>\n<p><strong>Programa\u00e7\u00e3o<\/strong><strong>\u00a02021:<\/strong><\/p>\n<ul>\n<li>Ver o Cronograma da Disciplina 2021 na se\u00e7\u00e3o do edital.<\/li>\n<\/ul>\n<p><strong>AVISOS:<\/strong>\u00a0N\u00e3o \u00e9 permitido o uso de calculadoras alfanum\u00e9ricas e celulares nas provas (obs.: Ser\u00e1 permitido o uso de calculadora simples para resolu\u00e7\u00e3o de quest\u00f5es num\u00e9ricas).<\/p>\n<p><strong>Segunda chamada:<\/strong><\/p>\n<p>O aluno que perder alguma das duas provas dever\u00e1 requerer a segunda chamada oficialmente, de acordo com a\u00a0<a href=\"https:\/\/dcc.ufpr.br\/mediawiki\/index.php\/Legisla%C3%A7%C3%A3o\">Legisla\u00e7\u00e3o<\/a>.<\/p>\n<ul>\n<li>Prova de segunda chamada: uma, ao final do semestre.<\/li>\n<li>Assunto: conte\u00fado do semestre todo.<\/li>\n<\/ul>\n<p><strong>Vistas das provas:<\/strong><\/p>\n<p>Os alunos que desejarem ver as suas provas, poder\u00e3o fazer com solicita\u00e7\u00e3o direta ao professor at\u00e9 no m\u00e1ximo 3 (tr\u00eas) dias ap\u00f3s a divulga\u00e7\u00e3o da nota (de acordo com a Resolu\u00e7\u00e3o.CEPE 37\/97, se\u00e7\u00e3o IV).<\/p>\n","protected":false},"excerpt":{"rendered":"<p>TC-038 CONSTRU\u00c7\u00c3O CIVIL III \u2013 2021 Professores: Prof. Dr. Carlos Frederico Alice Parchen Profa. Dra. Heloisa Fuganti Campos Profa. Dra. Nayara Soares Klein Ementa: F\u00f4rmas e escoramentos Execu\u00e7\u00e3o de estruturas de concreto armado Execu\u00e7\u00e3o de estruturas de concreto protendido Execu\u00e7\u00e3o de estruturas de a\u00e7o Execu\u00e7\u00e3o de estruturas de Light Steel Frame Execu\u00e7\u00e3o de estruturas de [&hellip;]<\/p>\n","protected":false},"author":1,"featured_media":0,"parent":631,"menu_order":1,"comment_status":"closed","ping_status":"closed","template":"","meta":{"footnotes":""},"class_list":["post-357","page","type-page","status-publish","hentry"],"aioseo_notices":[],"_links":{"self":[{"href":"https:\/\/dcc.ufpr.br\/index.php\/wp-json\/wp\/v2\/pages\/357","targetHints":{"allow":["GET"]}}],"collection":[{"href":"https:\/\/dcc.ufpr.br\/index.php\/wp-json\/wp\/v2\/pages"}],"about":[{"href":"https:\/\/dcc.ufpr.br\/index.php\/wp-json\/wp\/v2\/types\/page"}],"author":[{"embeddable":true,"href":"https:\/\/dcc.ufpr.br\/index.php\/wp-json\/wp\/v2\/users\/1"}],"replies":[{"embeddable":true,"href":"https:\/\/dcc.ufpr.br\/index.php\/wp-json\/wp\/v2\/comments?post=357"}],"version-history":[{"count":6,"href":"https:\/\/dcc.ufpr.br\/index.php\/wp-json\/wp\/v2\/pages\/357\/revisions"}],"predecessor-version":[{"id":2611,"href":"https:\/\/dcc.ufpr.br\/index.php\/wp-json\/wp\/v2\/pages\/357\/revisions\/2611"}],"up":[{"embeddable":true,"href":"https:\/\/dcc.ufpr.br\/index.php\/wp-json\/wp\/v2\/pages\/631"}],"wp:attachment":[{"href":"https:\/\/dcc.ufpr.br\/index.php\/wp-json\/wp\/v2\/media?parent=357"}],"curies":[{"name":"wp","href":"https:\/\/api.w.org\/{rel}","templated":true}]}}