{"id":309,"date":"2019-02-13T16:13:00","date_gmt":"2019-02-13T18:13:00","guid":{"rendered":"https:\/\/dcc.ufpr.br\/?page_id=309"},"modified":"2020-03-10T18:56:14","modified_gmt":"2020-03-10T21:56:14","slug":"materiais-de-construcao-civil-i","status":"publish","type":"page","link":"https:\/\/dcc.ufpr.br\/index.php\/disciplinas\/materiais\/materiais-de-construcao-civil-i\/","title":{"rendered":"Materiais de Constru\u00e7\u00e3o Civil I"},"content":{"rendered":"<p><strong>TC-030 Materiais de Constru\u00e7\u00e3o Civil I \u2013 2<sup>o<\/sup>.semestre de 2019<\/strong><\/p>\n<p>Professores<\/p>\n<ul>\n<li><a href=\"https:\/\/dcc.ufpr.br\/mediawiki\/index.php\/Profa._Laila_Artigas\">Laila Valduga Artigas<\/a> \u2013 Turma A<\/li>\n<li>Jos\u00e9 de Almendra Freitas \u2013 Turma B<\/li>\n<li>Heloisa Fuganti Campos \u2013 Turma C<\/li>\n<li><a title=\"Prof. Ronaldo A. Medeiros-Junior\" href=\"https:\/\/dcc.ufpr.br\/index.php\/ronaldo-medeiros-junior\/\">Ronaldo A. Medeiros-Junior<\/a>\u00a0&#8211; Turma D<\/li>\n<\/ul>\n<table style=\"height: 404px\" width=\"636\">\n<thead>\n<tr style=\"height: 34px\">\n<td style=\"width: 85px;height: 34px\"><strong>Turma<\/strong><\/td>\n<td style=\"width: 242px;height: 34px\"><strong>Professor<\/strong><\/td>\n<td style=\"width: 79px;height: 34px\"><strong>Per\u00edodo<\/strong><\/td>\n<td style=\"width: 142px;height: 34px\"><strong>Hor\u00e1rios<\/strong><\/td>\n<td style=\"width: 54px;height: 34px\"><strong>Sala<\/strong><\/td>\n<\/tr>\n<\/thead>\n<tbody>\n<tr style=\"height: 80px\">\n<td style=\"width: 85px;height: 80px\"><a href=\"http:\/\/ensalamento.c3sl.ufpr.br\/public\/klasses\/33646\">TC 030-A<\/a><\/td>\n<td style=\"width: 242px;height: 80px\">Laila Valduga Artigas<\/td>\n<td style=\"width: 79px;height: 80px\">2019-2<\/td>\n<td style=\"width: 142px;height: 80px\">2\u00ba -17:30 &#8211; 19:30<br \/>\n4\u00ba -17:30 &#8211; 19:30<\/td>\n<td style=\"width: 54px;height: 80px\">PF-11<br \/>\nPF-11<\/td>\n<\/tr>\n<tr style=\"height: 80px\">\n<td style=\"width: 85px;height: 80px\"><a href=\"http:\/\/ensalamento.c3sl.ufpr.br\/public\/klasses\/33647\">TC 030-B<\/a><\/td>\n<td style=\"width: 242px;height: 80px\">Jos\u00e9 de Almendra Freitas Jr.<\/td>\n<td style=\"width: 79px;height: 80px\">2019-2<\/td>\n<td style=\"width: 142px;height: 80px\">2\u00ba -17:30 &#8211; 19:30<br \/>\n4\u00ba -17:30 &#8211; 19:30<\/td>\n<td style=\"width: 54px;height: 80px\">PF-14<br \/>\nPF-14<\/td>\n<\/tr>\n<tr style=\"height: 80px\">\n<td style=\"width: 85px;height: 80px\"><a href=\"http:\/\/ensalamento.c3sl.ufpr.br\/public\/klasses\/33648\">TC 030-D<\/a><\/td>\n<td style=\"width: 242px;height: 80px\"><a href=\"http:\/\/ensalamento.c3sl.ufpr.br\/public\/subjects\/1447\">\u00a0Heloisa Fuganti Campos<\/a><\/td>\n<td style=\"width: 79px;height: 80px\">2019-2<\/td>\n<td style=\"width: 142px;height: 80px\">2\u00ba -17:30 &#8211; 19:30<br \/>\n4\u00ba -17:30 &#8211; 19:30<\/td>\n<td style=\"width: 54px;height: 80px\">PF-15<br \/>\nPF-15<\/td>\n<\/tr>\n<tr style=\"height: 80px\">\n<td style=\"width: 85px;height: 80px\"><a href=\"http:\/\/ensalamento.c3sl.ufpr.br\/public\/klasses\/33649\">TC 030-D<\/a><\/td>\n<td style=\"width: 242px;height: 80px\">Ronaldo Medeiros Junior<\/td>\n<td style=\"width: 79px;height: 80px\">2019-2<\/td>\n<td style=\"width: 142px;height: 80px\">2\u00ba -17:30 &#8211; 19:30<br \/>\n4\u00ba -17:30 &#8211; 19:30<\/td>\n<td style=\"width: 54px;height: 80px\">PF-18<br \/>\nPF-18<\/td>\n<\/tr>\n<\/tbody>\n<\/table>\n<p>Ementa<\/p>\n<ol>\n<li>Qu\u00edmica e Propriedades da \u00e1gua<\/li>\n<li>Aglomerantes<\/li>\n<li>Estrutura interna<\/li>\n<li>A\u00e7os<\/li>\n<li>Corros\u00e3o<\/li>\n<li>Pol\u00edmeros<\/li>\n<\/ol>\n<p>Carga hor\u00e1ria de 60 h, ministradas de acordo com o <a href=\"https:\/\/dcc.ufpr.br\/mediawiki\/images\/1\/1f\/TC034_ficha_F2.pdf\">programa anal\u00edtico<\/a>.<\/p>\n<p><strong>PROGRAMA\u00c7\u00c3O 2<sup>o<\/sup> SEMESTRE 2019<\/strong><\/p>\n<ul>\n<li>Ver o Cronograma da Disciplina 2019 na se\u00e7\u00e3o do edital.<\/li>\n<\/ul>\n<p>Forma de avalia\u00e7\u00e3o da disciplina<\/p>\n<ul>\n<li>Duas Provas Bimestrais: 1<sup>a<\/sup> Prova: 23\/setembro\/2019 e 2<sup>a<\/sup>.Prova: 20\/novembro\/2019<\/li>\n<li>Um trabalho semestral.<\/li>\n<\/ul>\n<p>Composi\u00e7\u00e3o da m\u00e9dia final\u00a0:<\/p>\n<p>M\u00e9dia Final = (soma das notas das duas provas x 2 + Nota do trabalho)\/ 5<\/p>\n<p><strong>Trabalho semestral\u00a0:<\/strong><\/p>\n<ul>\n<li>Em equipes de 5 a 6 alunos;(as equipes dever\u00e3o ser formadas por alunos de mesma turma, A, B, C ou D).<\/li>\n<li>Os assuntos abordados nos trabalhos ser\u00e3o cobrados em prova.<\/li>\n<li><span style=\"color: #ff0000\"><strong>Data limite para forma\u00e7\u00e3o de equipes: 28\/ago (informe o professor at\u00e9 esta data); n\u00e3o ser\u00e1 aceito o registro de equipes ap\u00f3s esta data.<\/strong><\/span><\/li>\n<li><span style=\"color: #000000\">Aguarde o tema e a data de defesa da sua equipe!<\/span><\/li>\n<li>O trabalho consistir\u00e1 em uma apresenta\u00e7\u00e3o com PowerPoint para toda a turma em sala de aula.<\/li>\n<li>Datas das defesas dos trabalhos: 06\/nov a 13\/nov (confirme a data da sua equipe).<\/li>\n<li>Na ocasi\u00e3o da defesa, todos os membros da equipe dever\u00e3o obrigatoriamente estar presentes.<\/li>\n<li>No caso de algum professor aplicar Trabalhos Extras, a nota de trabalhos (NT) ficar\u00e1:\n<ul>\n<li>NT = 0,8 x Trabalho Semestral + 0,2 m\u00e9dia dos Trabalhos Extras.<\/li>\n<\/ul>\n<\/li>\n<\/ul>\n<p><strong>\u00a0<\/strong><strong>AVISOS\u00a0:<\/strong> N\u00e3o \u00e9 permitido o uso de calculadoras alfanum\u00e9ricas e celulares nas provas (obs.: Ser\u00e1 permitido o uso de calculadora simples para resolu\u00e7\u00e3o de quest\u00f5es num\u00e9ricas).<\/p>\n<p><strong>Segunda chamada\u00a0:<\/strong><\/p>\n<p>O aluno que perder alguma das duas provas dever\u00e1 requerer a segunda chamada oficialmente, de acordo com a <a href=\"https:\/\/dcc.ufpr.br\/mediawiki\/index.php\/Legisla%C3%A7%C3%A3o\">Legisla\u00e7\u00e3o<\/a>.<\/p>\n<ul>\n<li>Prova de segunda chamada: uma, ao final do semestre: 18\/novembro\/2019<\/li>\n<li>Assunto: conte\u00fado do semestre todo.<\/li>\n<li>Local: a ser definido, hor\u00e1rio da aula<\/li>\n<\/ul>\n<p><strong>Vistas das provas<\/strong><\/p>\n<p>Os alunos que desejarem ver as suas provas, poder\u00e3o fazer com solicita\u00e7\u00e3o direta ao professor at\u00e9 no m\u00e1ximo 3 (tr\u00eas) dias ap\u00f3s a divulga\u00e7\u00e3o da nota (de acordo com a Resolu\u00e7\u00e3o.CEPE 37\/97, se\u00e7\u00e3o IV).<\/p>\n<ul>\n<li>ATEN\u00c7\u00c3O: EXAME FINAL NO PER\u00cdODO 9 A 14 DE DEZEMBRO DE 2019 &#8211; DATA A SER DIVULGADA PELO DEPARTAMEMTO DE CONSTRU\u00c7\u00c3O CIVIL.<\/li>\n<\/ul>\n","protected":false},"excerpt":{"rendered":"<p>TC-030 Materiais de Constru\u00e7\u00e3o Civil I \u2013 2o.semestre de 2019 Professores Laila Valduga Artigas \u2013 Turma A Jos\u00e9 de Almendra Freitas \u2013 Turma B Heloisa Fuganti Campos \u2013 Turma C Ronaldo A. Medeiros-Junior\u00a0&#8211; Turma D Turma Professor Per\u00edodo Hor\u00e1rios Sala TC 030-A Laila Valduga Artigas 2019-2 2\u00ba -17:30 &#8211; 19:30 4\u00ba -17:30 &#8211; 19:30 PF-11 [&hellip;]<\/p>\n","protected":false},"author":1,"featured_media":0,"parent":639,"menu_order":1,"comment_status":"closed","ping_status":"closed","template":"","meta":{"footnotes":""},"class_list":["post-309","page","type-page","status-publish","hentry"],"aioseo_notices":[],"_links":{"self":[{"href":"https:\/\/dcc.ufpr.br\/index.php\/wp-json\/wp\/v2\/pages\/309","targetHints":{"allow":["GET"]}}],"collection":[{"href":"https:\/\/dcc.ufpr.br\/index.php\/wp-json\/wp\/v2\/pages"}],"about":[{"href":"https:\/\/dcc.ufpr.br\/index.php\/wp-json\/wp\/v2\/types\/page"}],"author":[{"embeddable":true,"href":"https:\/\/dcc.ufpr.br\/index.php\/wp-json\/wp\/v2\/users\/1"}],"replies":[{"embeddable":true,"href":"https:\/\/dcc.ufpr.br\/index.php\/wp-json\/wp\/v2\/comments?post=309"}],"version-history":[{"count":12,"href":"https:\/\/dcc.ufpr.br\/index.php\/wp-json\/wp\/v2\/pages\/309\/revisions"}],"predecessor-version":[{"id":2101,"href":"https:\/\/dcc.ufpr.br\/index.php\/wp-json\/wp\/v2\/pages\/309\/revisions\/2101"}],"up":[{"embeddable":true,"href":"https:\/\/dcc.ufpr.br\/index.php\/wp-json\/wp\/v2\/pages\/639"}],"wp:attachment":[{"href":"https:\/\/dcc.ufpr.br\/index.php\/wp-json\/wp\/v2\/media?parent=309"}],"curies":[{"name":"wp","href":"https:\/\/api.w.org\/{rel}","templated":true}]}}

Materiais de Construção Civil I

<p><strong>TC-030 Materiais de Construção Civil I – 2<sup>o</sup>.semestre de 2019</strong></p>
<p>Professores</p>
<ul>
<li><a href="https://dcc.ufpr.br/mediawiki/index.php/Profa._Laila_Artigas">Laila Valduga Artigas</a> – Turma A</li>
<li>José de Almendra Freitas – Turma B</li>
<li>Heloisa Fuganti Campos – Turma C</li>
<li><a title="Prof. Ronaldo A. Medeiros-Junior" href="https://dcc.ufpr.br/index.php/ronaldo-medeiros-junior/">Ronaldo A. Medeiros-Junior</a> &#8211; Turma D</li>
</ul>
<table style="height: 404px" width="636">
<thead>
<tr style="height: 34px">
<td style="width: 85px;height: 34px"><strong>Turma</strong></td>
<td style="width: 242px;height: 34px"><strong>Professor</strong></td>
<td style="width: 79px;height: 34px"><strong>Período</strong></td>
<td style="width: 142px;height: 34px"><strong>Horários</strong></td>
<td style="width: 54px;height: 34px"><strong>Sala</strong></td>
</tr>
</thead>
<tbody>
<tr style="height: 80px">
<td style="width: 85px;height: 80px"><a href="http://ensalamento.c3sl.ufpr.br/public/klasses/33646">TC 030-A</a></td>
<td style="width: 242px;height: 80px">Laila Valduga Artigas</td>
<td style="width: 79px;height: 80px">2019-2</td>
<td style="width: 142px;height: 80px">2º -17:30 &#8211; 19:30<br />
4º -17:30 &#8211; 19:30</td>
<td style="width: 54px;height: 80px">PF-11<br />
PF-11</td>
</tr>
<tr style="height: 80px">
<td style="width: 85px;height: 80px"><a href="http://ensalamento.c3sl.ufpr.br/public/klasses/33647">TC 030-B</a></td>
<td style="width: 242px;height: 80px">José de Almendra Freitas Jr.</td>
<td style="width: 79px;height: 80px">2019-2</td>
<td style="width: 142px;height: 80px">2º -17:30 &#8211; 19:30<br />
4º -17:30 &#8211; 19:30</td>
<td style="width: 54px;height: 80px">PF-14<br />
PF-14</td>
</tr>
<tr style="height: 80px">
<td style="width: 85px;height: 80px"><a href="http://ensalamento.c3sl.ufpr.br/public/klasses/33648">TC 030-D</a></td>
<td style="width: 242px;height: 80px"><a href="http://ensalamento.c3sl.ufpr.br/public/subjects/1447"> Heloisa Fuganti Campos</a></td>
<td style="width: 79px;height: 80px">2019-2</td>
<td style="width: 142px;height: 80px">2º -17:30 &#8211; 19:30<br />
4º -17:30 &#8211; 19:30</td>
<td style="width: 54px;height: 80px">PF-15<br />
PF-15</td>
</tr>
<tr style="height: 80px">
<td style="width: 85px;height: 80px"><a href="http://ensalamento.c3sl.ufpr.br/public/klasses/33649">TC 030-D</a></td>
<td style="width: 242px;height: 80px">Ronaldo Medeiros Junior</td>
<td style="width: 79px;height: 80px">2019-2</td>
<td style="width: 142px;height: 80px">2º -17:30 &#8211; 19:30<br />
4º -17:30 &#8211; 19:30</td>
<td style="width: 54px;height: 80px">PF-18<br />
PF-18</td>
</tr>
</tbody>
</table>
<p>Ementa</p>
<ol>
<li>Química e Propriedades da água</li>
<li>Aglomerantes</li>
<li>Estrutura interna</li>
<li>Aços</li>
<li>Corrosão</li>
<li>Polímeros</li>
</ol>
<p>Carga horária de 60 h, ministradas de acordo com o <a href="https://dcc.ufpr.br/mediawiki/images/1/1f/TC034_ficha_F2.pdf">programa analítico</a>.</p>
<p><strong>PROGRAMAÇÃO 2<sup>o</sup> SEMESTRE 2019</strong></p>
<ul>
<li>Ver o Cronograma da Disciplina 2019 na seção do edital.</li>
</ul>
<p>Forma de avaliação da disciplina</p>
<ul>
<li>Duas Provas Bimestrais: 1<sup>a</sup> Prova: 23/setembro/2019 e 2<sup>a</sup>.Prova: 20/novembro/2019</li>
<li>Um trabalho semestral.</li>
</ul>
<p>Composição da média final :</p>
<p>Média Final = (soma das notas das duas provas x 2 + Nota do trabalho)/ 5</p>
<p><strong>Trabalho semestral :</strong></p>
<ul>
<li>Em equipes de 5 a 6 alunos;(as equipes deverão ser formadas por alunos de mesma turma, A, B, C ou D).</li>
<li>Os assuntos abordados nos trabalhos serão cobrados em prova.</li>
<li><span style="color: #ff0000"><strong>Data limite para formação de equipes: 28/ago (informe o professor até esta data); não será aceito o registro de equipes após esta data.</strong></span></li>
<li><span style="color: #000000">Aguarde o tema e a data de defesa da sua equipe!</span></li>
<li>O trabalho consistirá em uma apresentação com PowerPoint para toda a turma em sala de aula.</li>
<li>Datas das defesas dos trabalhos: 06/nov a 13/nov (confirme a data da sua equipe).</li>
<li>Na ocasião da defesa, todos os membros da equipe deverão obrigatoriamente estar presentes.</li>
<li>No caso de algum professor aplicar Trabalhos Extras, a nota de trabalhos (NT) ficará:
<ul>
<li>NT = 0,8 x Trabalho Semestral + 0,2 média dos Trabalhos Extras.</li>
</ul>
</li>
</ul>
<p><strong> </strong><strong>AVISOS :</strong> Não é permitido o uso de calculadoras alfanuméricas e celulares nas provas (obs.: Será permitido o uso de calculadora simples para resolução de questões numéricas).</p>
<p><strong>Segunda chamada :</strong></p>
<p>O aluno que perder alguma das duas provas deverá requerer a segunda chamada oficialmente, de acordo com a <a href="https://dcc.ufpr.br/mediawiki/index.php/Legisla%C3%A7%C3%A3o">Legislação</a>.</p>
<ul>
<li>Prova de segunda chamada: uma, ao final do semestre: 18/novembro/2019</li>
<li>Assunto: conteúdo do semestre todo.</li>
<li>Local: a ser definido, horário da aula</li>
</ul>
<p><strong>Vistas das provas</strong></p>
<p>Os alunos que desejarem ver as suas provas, poderão fazer com solicitação direta ao professor até no máximo 3 (três) dias após a divulgação da nota (de acordo com a Resolução.CEPE 37/97, seção IV).</p>
<ul>
<li>ATENÇÃO: EXAME FINAL NO PERÍODO 9 A 14 DE DEZEMBRO DE 2019 &#8211; DATA A SER DIVULGADA PELO DEPARTAMEMTO DE CONSTRUÇÃO CIVIL.</li>
</ul>

<p>TC-030 Materiais de Construção Civil I – 2o.semestre de 2019 Professores Laila Valduga Artigas – Turma A José de Almendra Freitas – Turma B Heloisa Fuganti Campos – Turma C Ronaldo A. Medeiros-Junior &#8211; Turma D Turma Professor Período Horários Sala TC 030-A Laila Valduga Artigas 2019-2 2º -17:30 &#8211; 19:30 4º -17:30 &#8211; 19:30 PF-11 [&hellip;]</p>
