{"id":297,"date":"2019-02-13T16:11:37","date_gmt":"2019-02-13T18:11:37","guid":{"rendered":"https:\/\/dcc.ufpr.br\/?page_id=297"},"modified":"2019-08-11T12:50:04","modified_gmt":"2019-08-11T15:50:04","slug":"resistencia-dos-materiais-ii","status":"publish","type":"page","link":"https:\/\/dcc.ufpr.br\/index.php\/disciplinas\/estruturas\/resistencia-dos-materiais-ii\/","title":{"rendered":"Resist\u00eancia dos Materiais II"},"content":{"rendered":"<p><span style=\"color: #0000ff\"><strong>RESIST\u00caNCIA DOS MATERIAIS:<\/strong><\/span>\u00a0Ramo da Mec\u00e2nica dos Corpos S\u00f3lidos Deform\u00e1veis no qual se estuda o equil\u00edbrio dos referidos corpos, considerando os efeitos internos, produzidos pela a\u00e7\u00e3o das for\u00e7as externas.<\/p>\n<p>&nbsp;<\/p>\n<p><span style=\"color: #0000ff\"><strong>Disciplina de Resist\u00eancia dos Materiais II<\/strong><\/span><\/p>\n<p><strong>Ementa:<\/strong><\/p>\n<p>1. Cisalhamento<\/p>\n<p>2. Tor\u00e7\u00e3o<\/p>\n<p>3. Esfor\u00e7os Combinados<\/p>\n<p>4. Instabilidade El\u00e1stica &#8211; Flambagem<\/p>\n<p>5. Estados Planos de Tens\u00f5es<\/p>\n<p>6. Crit\u00e9rios de Falha<\/p>\n<p>&nbsp;<\/p>\n<p><strong><span style=\"color: #0000ff\">Bibliografia:<\/span><\/strong><\/p>\n<ul>\n<li>Apostila (www.estruturas.ufpr.br).<\/li>\n<li>Hibbeler, R.C., &#8211; \u201cResist\u00eancia dos Materiais\u201d.<\/li>\n<li>Beer, F.P. &amp; Johnston Jr, E.R., &#8211; Resist\u00eancia dos Materiais\u201d.<\/li>\n<li>Timoshenko &amp; Gere \u2013 \u201cMec\u00e2nica dos S\u00f3lidos\u201d<\/li>\n<\/ul>\n<p>&nbsp;<\/p>\n<p><strong>Avalia\u00e7\u00f5es:<\/strong><\/p>\n<p>2 Provas<\/p>\n<p>4\u00a0Testes<\/p>\n<p>O conjunto de 1 Prova + M\u00e9dia de\u00a02 Testes corresponde a uma AVALIA\u00c7\u00c3O.<\/p>\n<p>Durante o semestre ser\u00e3o consideradas 2 AVALIA\u00c7\u00d5ES.<\/p>\n<p>Cada AVALIA\u00c7\u00c3O tem nota correspondente a 80% das notas de cada prova + 20% da m\u00e9dia dos testes.<\/p>\n<p>&nbsp;<\/p>\n","protected":false},"excerpt":{"rendered":"<p>RESIST\u00caNCIA DOS MATERIAIS:\u00a0Ramo da Mec\u00e2nica dos Corpos S\u00f3lidos Deform\u00e1veis no qual se estuda o equil\u00edbrio dos referidos corpos, considerando os efeitos internos, produzidos pela a\u00e7\u00e3o das for\u00e7as externas. &nbsp; Disciplina de Resist\u00eancia dos Materiais II Ementa: 1. Cisalhamento 2. Tor\u00e7\u00e3o 3. Esfor\u00e7os Combinados 4. Instabilidade El\u00e1stica &#8211; Flambagem 5. Estados Planos de Tens\u00f5es 6. Crit\u00e9rios [&hellip;]<\/p>\n","protected":false},"author":1,"featured_media":0,"parent":628,"menu_order":3,"comment_status":"closed","ping_status":"closed","template":"","meta":{"footnotes":""},"class_list":["post-297","page","type-page","status-publish","hentry"],"aioseo_notices":[],"_links":{"self":[{"href":"https:\/\/dcc.ufpr.br\/index.php\/wp-json\/wp\/v2\/pages\/297","targetHints":{"allow":["GET"]}}],"collection":[{"href":"https:\/\/dcc.ufpr.br\/index.php\/wp-json\/wp\/v2\/pages"}],"about":[{"href":"https:\/\/dcc.ufpr.br\/index.php\/wp-json\/wp\/v2\/types\/page"}],"author":[{"embeddable":true,"href":"https:\/\/dcc.ufpr.br\/index.php\/wp-json\/wp\/v2\/users\/1"}],"replies":[{"embeddable":true,"href":"https:\/\/dcc.ufpr.br\/index.php\/wp-json\/wp\/v2\/comments?post=297"}],"version-history":[{"count":3,"href":"https:\/\/dcc.ufpr.br\/index.php\/wp-json\/wp\/v2\/pages\/297\/revisions"}],"predecessor-version":[{"id":1469,"href":"https:\/\/dcc.ufpr.br\/index.php\/wp-json\/wp\/v2\/pages\/297\/revisions\/1469"}],"up":[{"embeddable":true,"href":"https:\/\/dcc.ufpr.br\/index.php\/wp-json\/wp\/v2\/pages\/628"}],"wp:attachment":[{"href":"https:\/\/dcc.ufpr.br\/index.php\/wp-json\/wp\/v2\/media?parent=297"}],"curies":[{"name":"wp","href":"https:\/\/api.w.org\/{rel}","templated":true}]}}