{"id":291,"date":"2019-02-13T16:10:58","date_gmt":"2019-02-13T18:10:58","guid":{"rendered":"https:\/\/dcc.ufpr.br\/?page_id=291"},"modified":"2020-03-10T18:55:00","modified_gmt":"2020-03-10T21:55:00","slug":"mecanica-geral-iii","status":"publish","type":"page","link":"https:\/\/dcc.ufpr.br\/index.php\/disciplinas\/estruturas\/mecanica-geral-iii\/","title":{"rendered":"Mec\u00e2nica Geral III"},"content":{"rendered":"<h2><span id=\"Professores\" class=\"mw-headline\">Professores<\/span><\/h2>\n<ul>\n<li>Prof. Paulo Mendel Kulysz (Turma B)<\/li>\n<li><a title=\"Prof. Ronaldo A. Medeiros-Junior\" href=\"https:\/\/dcc.ufpr.br\/index.php\/ronaldo-medeiros-junior\/\">Prof. Ronaldo A. Medeiros-Junior<\/a>\u00a0=&gt; Coordenador da Disciplina (Turma C)<\/li>\n<li>Prof. Ricardo Pieralisi (Turma D)<\/li>\n<\/ul>\n<h2><span id=\"Ementa\" class=\"mw-headline\"><a class=\"internal\" title=\"TC021 ficha F1.pdf\" href=\"https:\/\/dcc.ufpr.br\/mediawiki\/images\/7\/77\/TC021_ficha_F1.pdf\">Ementa<\/a><\/span><\/h2>\n<p>1. Cinem\u00e1tica de um ponto material.<br \/>\n2. Din\u00e2mica de um ponto material.<br \/>\n3. Cinem\u00e1tica de um corpo r\u00edgido.<br \/>\n4. Din\u00e2mica de um corpo r\u00edgido.<br \/>\n5. Trabalho e energia de um ponto material.<br \/>\n6. Impulso e quantidade de movimento de um ponto material.<br \/>\n7. Colis\u00e3o.<\/p>\n<h2><span id=\"Professores\" class=\"mw-headline\">Listas de exerc\u00edcios<\/span><\/h2>\n<ul>\n<li><a href=\"https:\/\/dcc.ufpr.br\/wp-content\/uploads\/2020\/03\/Lista-1.pdf\">Lista 1 (cap\u00edtulo 12)<\/a><\/li>\n<li><a href=\"https:\/\/dcc.ufpr.br\/wp-content\/uploads\/2020\/03\/Gabarito-Lista-1.pdf\">Gabarito Lista 1<\/a><\/li>\n<li><\/li>\n<li><a href=\"https:\/\/dcc.ufpr.br\/wp-content\/uploads\/2020\/03\/Lista-2.pdf\">Lista 2 (cap\u00edtulo 13)<\/a><\/li>\n<li><a href=\"https:\/\/dcc.ufpr.br\/wp-content\/uploads\/2020\/03\/Gabarito-Lista-2.pdf\">Gabarito Lista 2<\/a><\/li>\n<li><\/li>\n<li><a href=\"https:\/\/dcc.ufpr.br\/wp-content\/uploads\/2020\/03\/Lista-3.pdf\">Lista 3 (cap\u00edtulo 14)<\/a><\/li>\n<li><a href=\"https:\/\/dcc.ufpr.br\/wp-content\/uploads\/2020\/03\/Gabarito-Lista-3.pdf\">Gabarito Lista 3<\/a><\/li>\n<li><\/li>\n<li><a href=\"https:\/\/dcc.ufpr.br\/wp-content\/uploads\/2020\/03\/Lista-4.pdf\">Lista 4 (cap\u00edtulo 15)<\/a><\/li>\n<li><a href=\"https:\/\/dcc.ufpr.br\/wp-content\/uploads\/2020\/03\/Gabarito-Lista-4.pdf\">Gabarito Lista 4<\/a><\/li>\n<\/ul>\n","protected":false},"excerpt":{"rendered":"<p>Professores Prof. Paulo Mendel Kulysz (Turma B) Prof. Ronaldo A. Medeiros-Junior\u00a0=&gt; Coordenador da Disciplina (Turma C) Prof. Ricardo Pieralisi (Turma D) Ementa 1. Cinem\u00e1tica de um ponto material. 2. Din\u00e2mica de um ponto material. 3. Cinem\u00e1tica de um corpo r\u00edgido. 4. Din\u00e2mica de um corpo r\u00edgido. 5. Trabalho e energia de um ponto material. 6. [&hellip;]<\/p>\n","protected":false},"author":1,"featured_media":0,"parent":628,"menu_order":2,"comment_status":"closed","ping_status":"closed","template":"","meta":{"footnotes":""},"class_list":["post-291","page","type-page","status-publish","hentry"],"aioseo_notices":[],"_links":{"self":[{"href":"https:\/\/dcc.ufpr.br\/index.php\/wp-json\/wp\/v2\/pages\/291","targetHints":{"allow":["GET"]}}],"collection":[{"href":"https:\/\/dcc.ufpr.br\/index.php\/wp-json\/wp\/v2\/pages"}],"about":[{"href":"https:\/\/dcc.ufpr.br\/index.php\/wp-json\/wp\/v2\/types\/page"}],"author":[{"embeddable":true,"href":"https:\/\/dcc.ufpr.br\/index.php\/wp-json\/wp\/v2\/users\/1"}],"replies":[{"embeddable":true,"href":"https:\/\/dcc.ufpr.br\/index.php\/wp-json\/wp\/v2\/comments?post=291"}],"version-history":[{"count":8,"href":"https:\/\/dcc.ufpr.br\/index.php\/wp-json\/wp\/v2\/pages\/291\/revisions"}],"predecessor-version":[{"id":2008,"href":"https:\/\/dcc.ufpr.br\/index.php\/wp-json\/wp\/v2\/pages\/291\/revisions\/2008"}],"up":[{"embeddable":true,"href":"https:\/\/dcc.ufpr.br\/index.php\/wp-json\/wp\/v2\/pages\/628"}],"wp:attachment":[{"href":"https:\/\/dcc.ufpr.br\/index.php\/wp-json\/wp\/v2\/media?parent=291"}],"curies":[{"name":"wp","href":"https:\/\/api.w.org\/{rel}","templated":true}]}}