{"id":2,"date":"2018-12-03T21:09:40","date_gmt":"2018-12-03T23:09:40","guid":{"rendered":"https:\/\/dcc.ufpr.br\/?page_id=2"},"modified":"2020-10-19T14:45:49","modified_gmt":"2020-10-19T17:45:49","slug":"pagina-exemplo","status":"publish","type":"page","link":"https:\/\/dcc.ufpr.br\/","title":{"rendered":"In\u00edcio"},"content":{"rendered":"<h1>Bem-vindo ao\u00a0<b>Departamento de Constru\u00e7\u00e3o Civil<\/b>, DCC.<\/h1>\n<p>O Departamento de Constru\u00e7\u00e3o Civil est\u00e1 vinculado ao\u00a0<a class=\"external text\" href=\"http:\/\/www.tecnologia.ufpr.br\/\" rel=\"nofollow\">Setor de Tecnologia<\/a>\u00a0da\u00a0<a class=\"external text\" href=\"http:\/\/www.ufpr.br\/\" rel=\"nofollow\">Universidade Federal do Paran\u00e1<\/a>. Seus\u00a0<a title=\"Professores\" href=\"https:\/\/dcc.ufpr.br\/mediawiki\/index.php\/Professores\">professores<\/a>\u00a0ministram\u00a0<a title=\"Disciplinas\" href=\"https:\/\/dcc.ufpr.br\/mediawiki\/index.php\/Disciplinas\">disciplinas<\/a>\u00a0do ciclo b\u00e1sico do curso de\u00a0<a class=\"external text\" href=\"http:\/\/www.civil.ufpr.br\/\" rel=\"nofollow\">Engenharia Civil<\/a>e de forma\u00e7\u00e3o nas \u00e1reas de Materiais, Constru\u00e7\u00e3o, Estruturas e Geotecnia.<\/p>\n<p>&nbsp;<\/p>\n<p><strong>O site novo ainda est\u00e1 em constru\u00e7\u00e3o e atualiza\u00e7\u00e3o, logo mais novidades e conte\u00fado!<\/strong><\/p>\n<p>&nbsp;<\/p>\n<div id=\"Content\">\n<div id=\"Panes\">\n<div>\n<h2><span id=\"Contato\" class=\"mw-headline\">Contato<\/span><\/h2>\n<pre>Departamento de Constru\u00e7\u00e3o Civil - UFPR\r\nCentro Polit\u00e9cnico - Jardim das Am\u00e9ricas - Bloco III\r\nCaixa Postal 19.011\r\nCEP 81531-980 - Curitiba - PR\r\n<\/pre>\n<pre>Fone: +55 (41) 3361-3001\r\nFax : +55 (41) 3361-3420\r\nE-mail: dcc@ufpr.br<\/pre>\n<\/div>\n<\/div>\n<\/div>\n","protected":false},"excerpt":{"rendered":"<p>Bem-vindo ao\u00a0Departamento de Constru\u00e7\u00e3o Civil, DCC. O Departamento de Constru\u00e7\u00e3o Civil est\u00e1 vinculado ao\u00a0Setor de Tecnologia\u00a0da\u00a0Universidade Federal do Paran\u00e1. Seus\u00a0professores\u00a0ministram\u00a0disciplinas\u00a0do ciclo b\u00e1sico do curso de\u00a0Engenharia Civile de forma\u00e7\u00e3o nas \u00e1reas de Materiais, Constru\u00e7\u00e3o, Estruturas e Geotecnia. &nbsp; O site novo ainda est\u00e1 em constru\u00e7\u00e3o e atualiza\u00e7\u00e3o, logo mais novidades e conte\u00fado! &nbsp; Contato Departamento de [&hellip;]<\/p>\n","protected":false},"author":1,"featured_media":0,"parent":0,"menu_order":1,"comment_status":"closed","ping_status":"open","template":"","meta":{"footnotes":""},"class_list":["post-2","page","type-page","status-publish","hentry"],"aioseo_notices":[],"_links":{"self":[{"href":"https:\/\/dcc.ufpr.br\/index.php\/wp-json\/wp\/v2\/pages\/2","targetHints":{"allow":["GET"]}}],"collection":[{"href":"https:\/\/dcc.ufpr.br\/index.php\/wp-json\/wp\/v2\/pages"}],"about":[{"href":"https:\/\/dcc.ufpr.br\/index.php\/wp-json\/wp\/v2\/types\/page"}],"author":[{"embeddable":true,"href":"https:\/\/dcc.ufpr.br\/index.php\/wp-json\/wp\/v2\/users\/1"}],"replies":[{"embeddable":true,"href":"https:\/\/dcc.ufpr.br\/index.php\/wp-json\/wp\/v2\/comments?post=2"}],"version-history":[{"count":17,"href":"https:\/\/dcc.ufpr.br\/index.php\/wp-json\/wp\/v2\/pages\/2\/revisions"}],"predecessor-version":[{"id":2383,"href":"https:\/\/dcc.ufpr.br\/index.php\/wp-json\/wp\/v2\/pages\/2\/revisions\/2383"}],"wp:attachment":[{"href":"https:\/\/dcc.ufpr.br\/index.php\/wp-json\/wp\/v2\/media?parent=2"}],"curies":[{"name":"wp","href":"https:\/\/api.w.org\/{rel}","templated":true}]}}