{"id":176,"date":"2019-02-07T14:29:15","date_gmt":"2019-02-07T16:29:15","guid":{"rendered":"https:\/\/dcc.ufpr.br\/?page_id=176"},"modified":"2019-02-22T14:46:16","modified_gmt":"2019-02-22T17:46:16","slug":"edital-introducao-a-engenharia","status":"publish","type":"page","link":"https:\/\/dcc.ufpr.br\/index.php\/disciplinas\/construcao-civil\/introducao-a-engenharia\/edital-introducao-a-engenharia\/","title":{"rendered":"Edital Introdu\u00e7\u00e3o \u00e0 Engenharia"},"content":{"rendered":"<h2><span id=\"Notas\" class=\"mw-headline\">Notas<\/span><\/h2>\n<ul>\n<li><a class=\"internal\" title=\"TC022 Notas Turma A 2018.pdf\" href=\"https:\/\/dcc.ufpr.br\/mediawiki\/images\/e\/e9\/TC022_Notas_Turma_A_2018.pdf\">M\u00e9dias antes da final Turma A &#8211; prof. Carlos Parchen &#8211; 2018<\/a>.<\/li>\n<li><a class=\"internal\" title=\"TC022 Notas Turma D b 2018.pdf\" href=\"https:\/\/dcc.ufpr.br\/mediawiki\/images\/e\/e8\/TC022_Notas_Turma_D_b_2018.pdf\">M\u00e9dias antes da final Turma D &#8211; prof. Jos\u00e9 Freitas Jr. &#8211; 2018<\/a>.<\/li>\n<\/ul>\n<p>Local da Prova final turmas A e D: Sala PF 11 &#8211; dia 02\/07\/2018 as 9:30<\/p>\n","protected":false},"excerpt":{"rendered":"<p>Notas M\u00e9dias antes da final Turma A &#8211; prof. Carlos Parchen &#8211; 2018. M\u00e9dias antes da final Turma D &#8211; prof. Jos\u00e9 Freitas Jr. &#8211; 2018. Local da Prova final turmas A e D: Sala PF 11 &#8211; dia 02\/07\/2018 as 9:30<\/p>\n","protected":false},"author":1,"featured_media":0,"parent":173,"menu_order":0,"comment_status":"closed","ping_status":"closed","template":"","meta":{"footnotes":""},"class_list":["post-176","page","type-page","status-publish","hentry"],"aioseo_notices":[],"_links":{"self":[{"href":"https:\/\/dcc.ufpr.br\/index.php\/wp-json\/wp\/v2\/pages\/176","targetHints":{"allow":["GET"]}}],"collection":[{"href":"https:\/\/dcc.ufpr.br\/index.php\/wp-json\/wp\/v2\/pages"}],"about":[{"href":"https:\/\/dcc.ufpr.br\/index.php\/wp-json\/wp\/v2\/types\/page"}],"author":[{"embeddable":true,"href":"https:\/\/dcc.ufpr.br\/index.php\/wp-json\/wp\/v2\/users\/1"}],"replies":[{"embeddable":true,"href":"https:\/\/dcc.ufpr.br\/index.php\/wp-json\/wp\/v2\/comments?post=176"}],"version-history":[{"count":1,"href":"https:\/\/dcc.ufpr.br\/index.php\/wp-json\/wp\/v2\/pages\/176\/revisions"}],"predecessor-version":[{"id":177,"href":"https:\/\/dcc.ufpr.br\/index.php\/wp-json\/wp\/v2\/pages\/176\/revisions\/177"}],"up":[{"embeddable":true,"href":"https:\/\/dcc.ufpr.br\/index.php\/wp-json\/wp\/v2\/pages\/173"}],"wp:attachment":[{"href":"https:\/\/dcc.ufpr.br\/index.php\/wp-json\/wp\/v2\/media?parent=176"}],"curies":[{"name":"wp","href":"https:\/\/api.w.org\/{rel}","templated":true}]}}

Edital Introdução à Engenharia

<h2><span id="Notas" class="mw-headline">Notas</span></h2>
<ul>
<li><a class="internal" title="TC022 Notas Turma A 2018.pdf" href="https://dcc.ufpr.br/mediawiki/images/e/e9/TC022_Notas_Turma_A_2018.pdf">Médias antes da final Turma A &#8211; prof. Carlos Parchen &#8211; 2018</a>.</li>
<li><a class="internal" title="TC022 Notas Turma D b 2018.pdf" href="https://dcc.ufpr.br/mediawiki/images/e/e8/TC022_Notas_Turma_D_b_2018.pdf">Médias antes da final Turma D &#8211; prof. José Freitas Jr. &#8211; 2018</a>.</li>
</ul>
<p>Local da Prova final turmas A e D: Sala PF 11 &#8211; dia 02/07/2018 as 9:30</p>

<p>Notas Médias antes da final Turma A &#8211; prof. Carlos Parchen &#8211; 2018. Médias antes da final Turma D &#8211; prof. José Freitas Jr. &#8211; 2018. Local da Prova final turmas A e D: Sala PF 11 &#8211; dia 02/07/2018 as 9:30</p>
